4 = -17*n + 29. Let a(m) = 2*m**2 - 14*m + 21. Give a(n).
57
Suppose 683 = -a + 3*d, -4*a + 7*a + 2077 = -5*d. Let c = a - -687. Let n(x) = x**3 + 4*x**2 + 3*x + 1. What is n(c)?
3
Let k = -285 + 296. Suppose -13*s - k*s = -15*s. Let m(v) = -v**3 - v**2 + v + 1. What is m(s)?
1
Let c(p) = -p. Let y(v) = 2*v**2 + 36*v - 284. Let w be y(-24). Let t(r) = 0 - 5 - 8*r + 2*r**2 + 3. Let o be t(w). Calculate c(o).
2
Let m = 71 + -71. Let d be m*-2*2/8. Suppose -2*h + d*y - 3*y + 4 = 0, 2*y = 0. Let z(a) = 2*a**3 - 3*a**2 + a + 1. Determine z(h).
7
Suppose -223*k + 225*k = -14. Let t(l) = -4*l - 28. Give t(k).
0
Let c(t) = -21*t - 517. Let a be -31 + -1 - -2*(-21)/12*-2. Determine c(a).
8
Suppose 5*h - 6 = -16. Let p(f) be the third derivative of 0*f + 0 + 29*f**2 - 1/3*f**3 + 1/12*f**4. Determine p(h).
-6
Let m(f) be the third derivative of -19*f**2 + 1/60*f**5 + 0 - 1/4*f**4 + 0*f - 1/6*f**3. Give m(7).
6
Let k(j) = j**2 - 8 + 18*j - 18*j - 21. Let l be k(8). Suppose 0 = -l*z + 37*z + 2. Let g(x) = 9*x**3 + 2*x**2 + 2*x + 1. What is g(z)?
-8
Let v(t) = t - 5. Let k be v(5). Let w = 2 + k. Let o(h) be the second derivative of -h**5/20 - h**4/12 - h**3/6 + 5*h + 32. Give o(w).
-14
Let x(c) = 1. Let i(g) = -4*g - 4. Suppose 0 = 4*y - l + 16, 20*y - 15*y - 4*l + 31 = 0. Let v(n) = y*x(n) - i(n). Suppose -3*j = 1 + 2. What is v(j)?
-3
Let l(a) = 4*a - 150. Let b(i) = 4*i - 151. Let f(q) = -6*b(q) + 7*l(q). What is f(36)?
0
Let d(g) be the first derivative of 8/3*g**3 + 1/360*g**6 - 1/2*g**4 + 1/15*g**5 + 0*g**2 - 4 + 0*g. Let j(h) be the third derivative of d(h). Calculate j(-9).
-3
Let f be (1/(-3))/(4/(-24)). Let h = -1 + 4. Let y(u) = -5*u**2 + 17 - 33 + u**3 + u + 0*u**h + 17. What is y(f)?
-9
Let x(b) = -b**2 + 7*b + 7. Let s(l) = l**3 - 17*l**2 - 6*l - 26. Let p be s(18). Let g = p + -182. What is x(g)?
-1
Let s be (-19)/9 - 6/(-54). Let o be (-9)/s*64/48. Suppose -o = -27*q + 29*q. Let a(r) = -r**3 - 3*r**2 - 2*r - 2. What is a(q)?
4
Let s(j) = -75 + 2*j**2 - 2*j + 0*j**2 - 24*j + 5*j. Let m be s(-3). Let v(n) = n**3 - 6*n**2 + 2*n + 7. Calculate v(m).
19
Let u(n) = -2*n**2 + 17*n - 1. Let k be (-2 - 46/(-20)) + 261/30. Calculate u(k).
-10
Let n(g) = -g**2 - 24*g - 24. Let y be n(-22). Suppose -w - o = -6, 2*o + y = 7*o. Suppose -w + 14 = -12*d. Let i(b) = -b**2 + 2*b + 1. Calculate i(d).
-2
Let o(r) = 2*r. Let y be o(-5). Let l(q) = 9*q - 63*q**2 + 90*q**2 - 3*q**3 + 4*q**3 - 16*q**2 - 8. Calculate l(y).
2
Let r(n) = 5*n + 9. Suppose -114 + 132 = 3*g. Let t(b) = -4*b - 6. Let h(o) = g*t(o) + 5*r(o). Determine h(0).
9
Let p(a) = 3*a + 13. Suppose -f + 23 - 20 = 0. Let m(n) = 4*n + 12. Let x(w) = f*p(w) - 2*m(w). Let y be x(-24). Let r(k) = k**2 + 9*k - 2. What is r(y)?
-2
Suppose -18*l + 48*l - 90 = 0. Let p(n) = -4*n - 7 - 8 - 3*n + l*n. Calculate p(-6).
9
Let t be 0/(-2) + 39 + -9. Suppose -2*h + 5*b + t = -0*b, -3*b = 12. Let x(u) = u**2 + 2*u + 2. Let o(a) = -6*a. Let n(d) = o(d) + x(d). Determine n(h).
7
Let j be -105 + 102 + 10 + -5. Let a(g) be the third derivative of g**5/30 + g**4/12 - g**2. Calculate a(j).
12
Let b(i) be the first derivative of 2*i - 102 + 9/2*i**2 + 2/3*i**3. Give b(-4).
-2
Let v(h) = -5*h - 27. Let p(o) = 4. Let j(y) = -6*p(y) - v(y). Let n(r) = r + 4. Let c(q) = j(q) - 4*n(q). Calculate c(6).
-7
Let q be 10/5 + 3 + -2. Suppose 0 = 5*b + 3*c, 2*b = q*c - 26 + 5. Let l(f) = 8*f. Let r(i) = -13*i + 2. Let t(a) = -5*l(a) - 3*r(a). Calculate t(b).
-3
Suppose 0 = 7*h - 111 + 97. Let s(w) = -2 - 17*w**2 - h*w**2 + 21*w**2 - 3*w**2. Give s(4).
-18
Let f(z) = -z**2 - 11*z - 9. Let r(o) = o. Suppose -4*m - 3*u = -16, -3*m + 2*u + 3*u = 17. Let t(c) = m*f(c) + 3*r(c). Give t(-6).
3
Let b(k) be the first derivative of -1/2*k**2 - 1/24*k**4 + 17 - 13/6*k**3 + 0*k. Let u(j) be the second derivative of b(j). Calculate u(-8).
-5
Let k(l) = -l**3 - 5*l**2 - 5. Let f = 70 + -57. Let q = f - 17. Give k(q).
-21
Suppose 33 = -5*f - 3*z + 111, -4*f - 2*z = -64. Let q(b) = -12 - 30*b - f*b + 46*b. What is q(-12)?
12
Let b(w) be the third derivative of 1/3*w**3 + 0 - 18*w**2 - 1/8*w**4 - 2/15*w**5 + 0*w. Determine b(2).
-36
Let s(n) = -392*n + 138. Let q(i) = 87*i - 33. Let m(t) = -9*q(t) - 2*s(t). Let x be 10/45 - (-25)/9. Let g = x + -3. What is m(g)?
21
Suppose 12*h + 1006 - 22 = 0. Let c = -85 - h. Let x be (15/c + 0)*(-6)/(-15). Let y(n) = -n**2 - n - 2. What is y(x)?
-4
Let s(g) be the second derivative of 3*g**5/20 - g**4/4 + g**3/3 + g**2 + 10*g. Let j = 2033 - 2031. Determine s(j).
18
Let v(g) = -52*g + 227 - 160 + 1634*g**2 - 1636*g**2. Give v(-27).
13
Let t(l) = l**2 + 29*l + 20*l - 5 - 65*l + 23*l - 17*l. Suppose 21 = q + 2*q + 3*s, 3*q = -s + 25. Give t(q).
-14
Let v be ((-3 + 2)*-10)/(-10 - -12). Suppose 2*i - 28 = -2*w, -2*i - v*w = -0*i - 16. Let o(m) = -2*m + 34. Give o(i).
-2
Let k(g) = -g**3 - 14*g**2 + 12*g - 35. Let f be 20/(-6)*(-123)/(-82) - 10. Determine k(f).
10
Let y(m) = -3*m**2 - 6*m - 2. Let u(d) = -7*d**2 - 12*d - 6. Let p(q) = -2*u(q) + 5*y(q). Calculate p(4).
-38
Let w(s) be the first derivative of -5*s**2/2 - 3*s - 27. Suppose 0 = -14*v + 3 - 31. What is w(v)?
7
Let h(a) be the third derivative of -a**6/60 + 13*a**5/60 + a**4/4 + 2*a**3/3 - a**2. Let w be 6/33 + 10575/1551. What is h(w)?
-3
Suppose -2*n + 38 + 32 = -5*j, j = -5*n + 202. Let k(w) = -n + w**3 - 38 - 8*w**2 + 2*w + 78 + 4*w**2. What is k(3)?
-3
Let i = -8913 + 8920. Let n(u) = 8*u - 19. What is n(i)?
37
Suppose -510*n + 254*n = -250*n - 60. Let p(v) = v**2 - 9*v - 16. What is p(n)?
-6
Let y(l) = -5*l**3 - 6*l**2 + l + 6. Let j be (6/5)/(441/70 + -6). Let h(g) = 9*g**3 + 11*g**2 - 3*g - 11. Let q(p) = j*h(p) + 7*y(p). Calculate q(-3).
4
Let v(z) = z**2 + 8*z - 117. Let o(n) = -n**2 - 5*n + 83. Let u(t) = 7*o(t) + 5*v(t). Determine u(1).
-1
Let l(p) = p + 2. Let d(a) = -a**2 + 3*a - 55. Let m = -31 + 31. Let j be d(m). Let t = j + 52. Calculate l(t).
-1
Let c be ((12 - -5 - 17)/1)/(-1). Let m = -3 - -8. Let h(i) = 4*i + 2*i - 7 - m*i. What is h(c)?
-7
Let u(s) be the second derivative of s**5/20 - s**4/12 + s**3/6 + 45*s**2/2 - s - 349. Give u(0).
45
Suppose 0 = 5*t + 76*y - 77*y + 88, -y = 2. Let k(l) = -l**2 - 20*l - 28. Determine k(t).
8
Let l be ((-18)/10)/((-21)/(-175)). Let c(k) = k**3 - k**2 + 3. Let q(v) = -3*v**3 - 13*v**2 - v - 13. Let i(s) = 2*c(s) + q(s). What is i(l)?
8
Let q(a) = -a**2 - 7*a + 2. Let y(z) = -z - 1. Let v(c) = c**2 - 10*c + 3. Let g be v(10). Let f be y(g). Let h be 14/(-4)*(-2 - f). Determine q(h).
2
Suppose 4*j - 1 = h, -516*h + 521*h + 3*j - 18 = 0. Let l(y) = y**3 + 2*y**2 - 4*y. Let m be l(-3). Let n(b) = -1 - m - b - h. Determine n(-10).
3
Let d(n) = -5. Let f(z) = 3*z - 17. Let m(c) = -2*d(c) + f(c). Calculate m(-4).
-19
Suppose -3 = 3*z - 3*d, -149*z + 150*z + 3*d - 31 = 0. Let l(q) = q**3 - 9*q**2 + 16*q - 24. Determine l(z).
-10
Let d(f) = 2*f**2 + 4*f - 168. Let i be d(-10). Let v(p) = -2 + 8 + 75*p - 70*p. Calculate v(i).
-34
Let a(v) = -v**3 - v**2 - 4*v. Let o be 3/24 + 1845/24. Let g = o - 80. Give a(g).
30
Let v be (570/(-1368))/(5/(-120)). Let n(x) = -6*x + 1 + x**2 - 3*x - 15. Give n(v).
-4
Suppose 0 = 3*g - 15, -n - 4 + 39 = 4*g. Let s be 12/n + 210/50. Let u(f) = -4*f + 4. Determine u(s).
-16
Let w(m) = -m**3 + 7*m**2 - 9*m + 14. Let v = 337 + -272. Suppose -72 = 53*p - v*p. Give w(p).
-4
Suppose -19*j = -67*j - 1152. Let q be j/8*(-4)/(-6). Let v(m) be the third derivative of m**4/8 + m**3/6 - m**2. Determine v(q).
-5
Let p = 3277 + -3258. Let v(t) = 2*t - 51. What is v(p)?
-13
Let n = -2450 - -2442. Let z(b) = b**3 + 7*b**2 - 9*b - 3. Determine z(n).
5
Suppose 10118*o - 950 = 10068*o. Let i(f) = -7*f + 122. Give i(o).
-11
Let o be (-24)/18 - (-12)/9. Let h(b) be the first derivative of b**4/4 + b**3/3 + 20*b + 19. What is h(o)?
20
Let h(v) = -261 - 238 - 322 - 5*v + 905. Determine h(15).
9
Let f = 10111 + -10113. Let h(v) = -4*v - 2*v**2 + 2 - 8 + 3*v - 3*v. Calculate h(f).
-6
Let n(z) = 2574*z**2 - 5144*z**2 + 2578*z**2 - 2*z + 1. Suppose -2*o + 36 = 10. Let g = -12 + o. What is n(g)?
7
Let b(k) = -k**2 - 6. Suppose -4*y = -0*y - 37*y. Determine b(y).
-6
Let f(s) = s**3 + 15*s**2 + 10*s - 9. Suppose -1702 = 275*u + 1614 + 534. What is f(u)?
47
Let d(p) = p**3 + 10*p**2 + p - 4. Let r = -260